s 2233854 a multiple of 1292?
False
Does 159 divide 18270372?
True
Is 20 a factor of 142590?
False
Is 146675 a multiple of 5?
True
Is 3927417 a multiple of 4?
False
Is 1448861 a multiple of 5?
False
Is 292124 a multiple of 573?
False
Is 144 a factor of 1137336?
False
Does 595 divide 201768?
False
Is 2998997 a multiple of 145?
False
Is 117 a factor of 498747?
False
Does 4 divide 29278?
False
Is 1988260 a multiple of 76?
False
Is 15 a factor of 4230245?
False
Is 1860665 a multiple of 741?
False
Does 238 divide 2765121?
False
Is 6078380 a multiple of 22?
True
Does 9 divide 578817?
True
Is 535 a factor of 17491825?
True
Does 272 divide 90059?
False
Is 49231 a multiple of 3?
False
Does 32 divide 6951?
False
Is 322 a factor of 2320976?
True
Is 9 a factor of 213840?
True
Does 888 divide 6516144?
True
Is 9604 a multiple of 49?
True
Is 5223376 a multiple of 496?
True
Is 8412516 a multiple of 874?
False
Is 2103446 a multiple of 63?
False
Is 4272526 a multiple of 8?
False
Is 91 a factor of 5214937?
True
Is 10 a factor of 50941?
False
Is 190416 a multiple of 23?
False
Does 656 divide 1074528?
True
Does 315 divide 162408?
False
Is 19 a factor of 906547?
True
Does 5 divide 15026?
False
Is 113 a factor of 91643?
True
Does 5 divide 141260?
True
Is 3082988 a multiple of 563?
True
Does 29 divide 6238938?
False
Is 89 a factor of 16231?
False
Is 2801887 a multiple of 179?
True
Is 952568 a multiple of 334?
True
Does 123 divide 22118106?
True
Does 28 divide 166100?
False
Is 140 a factor of 4057943?
False
Is 3344185 a multiple of 103?
False
Does 12 divide 290980?
False
Is 16 a factor of 443760?
True
Is 219720 a multiple of 12?
True
Does 11 divide 962214?
True
Is 13 a factor of 3546062?
True
Is 485996 a multiple of 578?
False
Does 19 divide 7543266?
True
Does 246 divide 633450?
True
Does 233 divide 566889?
True
Is 2218036 a multiple of 152?
False
Is 4019 a multiple of 2?
False
Is 49 a factor of 33476488?
False
Is 40125 a multiple of 5?
True
Does 8 divide 7962518?
False
Is 867077 a multiple of 49?
False
Is 198810 a multiple of 15?
True
Is 5 a factor of 75337?
False
Is 343575 a multiple of 27?
True
Is 327819 a multiple of 65?
False
Is 38 a factor of 2070734?
True
Is 28 a factor of 25718?
False
Is 73660 a multiple of 372?
False
Is 30514 a multiple of 22?
True
Does 699 divide 2045274?
True
Is 131415 a multiple of 15?
True
Does 239 divide 1124973?
True
Is 136485 a multiple of 337?
True
Does 4 divide 6049?
False
Is 4 a factor of 201984?
True
Is 78977 a multiple of 13?
False
Is 242894 a multiple of 7?
False
Is 242 a factor of 1861343?
False
Is 458840 a multiple of 18?
False
Does 5 divide 65225?
True
Is 15717693 a multiple of 893?
True
Does 482 divide 187392?
False
Does 20 divide 1399060?
True
Is 2318 a multiple of 2?
True
Is 1466988 a multiple of 5?
False
Does 402 divide 811236?
True
Is 25 a factor of 3282644?
False
Is 4934870 a multiple of 135?
False
Does 397 divide 8337?
True
Is 1063500 a multiple of 25?
True
Does 4 divide 2558217?
False
Is 39 a factor of 1870011?
True
Does 21 divide 282033?
False
Does 272 divide 1253200?
False
Is 15 a factor of 239471?
False
Is 110 a factor of 3197994?
False
Is 196 a factor of 488236?
True
Does 40 divide 904110?
False
Does 79 divide 1893579?
False
Is 178160 a multiple of 8?
True
Is 14 a factor of 195020?
True
Does 38 divide 10392298?
False
Is 5 a factor of 85755?
True
Is 22 a factor of 208983?
False
Is 126660 a multiple of 60?
True
Is 4424 a multiple of 8?
True
Is 274 a factor of 654312?
True
Is 562 a factor of 836879?
False
Does 784 divide 631408?
False
Does 6 divide 77289?
False
Is 27659 a multiple of 17?
True
Is 643441 a multiple of 495?
False
Is 55783 a multiple of 162?
False
Is 155 a factor of 105865?
True
Does 286 divide 398970?
True
Is 59 a factor of 5141855?
False
Is 1897514 a multiple of 1067?
False
Is 12 a factor of 72096?
True
Does 731 divide 1504849?
False
Does 27 divide 237330?
True
Is 18 a factor of 3048860?
False
Is 40824 a multiple of 216?
True
Does 65 divide 10274628?
False
Is 436584 a multiple of 6?
True
Is 24918 a multiple of 387?
False
Is 6 a factor of 208706?
False
Is 4522421 a multiple of 52?
False
Does 2 divide 1395?
False
Is 95285 a multiple of 178?
False
Is 138140 a multiple of 3?
False
Is 131 a factor of 17900044?
False
Does 3 divide 69900?
True
Is 7306432 a multiple of 1316?
True
Does 289 divide 581208?
False
Does 615 divide 1704165?
True
Is 523100 a multiple of 22?
False
Does 117 divide 2382939?
True
Is 224147 a multiple of 77?
True
Is 393 a factor of 2647167?
False
Is 516 a factor of 706920?
True
Does 13 divide 20969?
True
Is 1670 a factor of 4361671?
False
Does 19 divide 1329088?
True
Is 14 a factor of 184016?
True
Does 16 divide 516848?
True
Is 91 a factor of 103286?
False
Is 60 a factor of 553082?
False
Is 134 a factor of 588796?
True
Does 124 divide 103987?
False
Does 11 divide 237006?
True
Is 76 a factor of 7042616?
True
Is 748738 a multiple of 290?
False
Is 615 a factor of 373305?
True
Is 6687986 a multiple of 46?
True
Does 15 divide 217348?
False
Is 208732 a multiple of 445?
False
Is 999733 a multiple of 105?
False
Does 36 divide 5855365?
False
Does 8 divide 210388?
False
Is 537 a factor of 1413384?
True
Is 498904 a multiple of 302?
True
Is 912640 a multiple of 496?
True
Is 12336 a multiple of 8?
True
Is 7 a factor of 5647250?
True
Is 124 a factor of 185008?
True
Is 1589 a multiple of 7?
True
Is 343166 a multiple of 284?
False
Is 5732945 a multiple of 317?
True
Is 57 a factor of 32148?
True
Is 404674 a multiple of 26?
False
Is 490378 a multiple of 19?
False
Is 4874730 a multiple of 1232?
False
Is 4 a factor of 60764?
True
Does 10 divide 5590?
True
Is 55937 a multiple of 182?
False
Is 78 a factor of 1304316?
True
Does 2 divide 12819?
False
Does 136 divide 1308184?
True
Is 3 a factor of 877544?
False
Does 1027 divide 6384233?
False
Is 107374 a multiple of 74?
True
Is 29 a factor of 31198?
False
Is 6 a factor of 61337?
False
Is 56600 a multiple of 100?
True
Is 21545 a multiple of 31?
True
Does 6 divide 20367?
False
Is 67 a factor of 14934?
False
Is 16 a factor of 4429760?
True
Is 105150 a multiple of 35?
False
Is 11764286 a multiple of 417?
False
Is 3161701 a multiple of 71?
True
Is 608192 a multiple of 36?
False
Is 61 a factor of 73841?
False
Is 302000 even?
True
Does 19 divide 232367?
False
Is 534146 a multiple of 4?
False
Does 849 divide 12921780?
True
Does 33 divide 47695?
False
Does 110 divide 4176592?
False
Is 1523570 a multiple of 48?
False
Is 49 a factor of 2562712?
False
Does 157 divide 988563?
False
Is 3608703 a multiple of 10?
False
Is 20 a factor of 3729622?
False
Does 52 divide 293588?
False
Is 14 a factor of 631792?
True
Is 87939 a multiple of 28?
False
Is 67 a factor of 64588?
True
Is 59 a factor of 874675?
True
Is 4 a factor of 6877875?
False
Is 25280208 a multiple of 72?
True
Is 105442 a multiple of 4?
False
Is 4 a factor of 204695?
False
Is 4 a factor of 38636?
True
Is 211060 a multiple of 46?
False
Is 21 a factor of 23898?
True
Is 21 a factor of 23629?
False
Is 74 a factor of 2745318?
False
Is 703646 a multiple of 38?
True
Does 24 divide 98?
False
Is 15 a factor of 26161?
False
Is 70 a factor of 6705492?
False
Is 332 a factor of 721089?
False
Does 20 divide 120511?
False
Is 16 a factor of 11644608?
True
Is 10126040 a multiple of 745?
True
Is 173 a factor of 596431?
False
Is 204197 a multiple of 31?
True
Is 16 a factor of 6605728?
True
Is 510 a factor of 394455?
False
Does 22 divide 6219?
False
Is 559989 a multiple of 63?
False
Does 210 divide 2727819?
False
Is 187936 a multiple of 56?
True
Is 340 a factor of 3335060?
True
Is 715 a factor of 11427206?
False
Is 7215642 a multiple of 101?
True
Is 456508 a multiple of 13?
True
Is 855540 a multiple of 210?
True
Is 5 a factor of 77285?
True
Is 7984064 a multiple of 1031?
True
Does 270 divide 246780?
True
Is 88 a factor of 859584?
True
Is 260403 a multiple of 13?
True
Is 64 a factor of 74128?
False
Is 27 a factor of 258336?
True
Is 18936 a multiple of 62?
False
Is 8843786 a multiple of 103?
True
Is 65180 a multiple of 10?
True
Is 19 a factor of 26419158?
True
Is 71567 a multiple of 83?
False
Does 1337 divide 11412632?
True
Is 7 a factor of 1068840?
False
Does 9 divide 3644820?
True
Does 7 divide 3298603?
True
Does 1106 divide 2042782?
Tru